1
Let g(k) be the first derivative of -k**3/3 - 7*k**2/2 - 4*k + 2. List the prime factors of g(-5).
2, 3
Let x(t) = 113*t + 18. What are the prime factors of x(3)?
3, 7, 17
Let f = -22 + -25. Let w = f + 75. List the prime factors of w.
2, 7
What are the prime factors of (-2)/4*(1 + -269)?
2, 67
Let g = -4 + 8. Let b(j) = j**2 - j**2 - 3*j**2 - 1 + 4*j**2. List the prime factors of b(g).
3, 5
Let m(d) = -2*d - 2. Let t be m(-1). Let o be 0/(-2) - (-6 - -4). Suppose t = -4*v - 3*a + o*a + 23, -13 = -2*v + a. List the prime factors of v.
2, 3
Let l(c) = -154*c - 2. List the prime factors of l(-1).
2, 19
Let m = -33 + 63. List the prime factors of m.
2, 3, 5
Let i be (-31)/5 + 6/30. Let s(q) = -2*q**3 + 9*q**2 - 2*q - 2. Let m(x) = -x**3 + x**2 + 1. Let g(z) = -3*m(z) + s(z). List the prime factors of g(i).
7
Suppose 5*y - y - 468 = 0. Let s = y - 54. Suppose -3*a - 6 = -s. What are the prime factors of a?
19
Let b be ((-4)/6)/((-2)/111). Let t = 64 - b. List the prime factors of (24/9)/(6/t).
2, 3
Let n(q) be the third derivative of -1/60*q**5 - 3/40*q**6 - 1/24*q**4 + 0*q**3 + 2*q**2 + 0*q + 0. What are the prime factors of n(-1)?
3
Let q(d) = -d**3 + 5*d**2 - 2*d - 6. Let f be q(4). Let l(g) = g - 6. Let r be l(-6). What are the prime factors of (-4)/(r/21) - f?
5
Let f(p) = -2 + 6 - 2 + 6*p + 0. List the prime factors of f(1).
2
Suppose c - 2*c + 480 = 4*d, 5*d = -5*c + 600. Suppose -d = 3*j + 2*j. What are the prime factors of (-210)/j - 2/(-8)?
3
Let p = -30 + 33. List the prime factors of p.
3
Let t(w) = -2*w. Let s be t(-3). Let v(c) = c**2 - c - 1. What are the prime factors of v(s)?
29
Suppose -3*g - 3*z + 11 = -z, -4*z = 5*g - 17. Suppose 5*q - 3*r = 4, 6 = -g*q - 2*r - 5. List the prime factors of ((0 - -1) + -3)*q.
2
Suppose 3*m - 17 - 6 = -2*j, 4*m = -j + 19. Let a = -2 + j. Suppose -a*z = -u - 4*u - 30, 4*z - 45 = -3*u. What are the prime factors of z?
3
Suppose -2*x - 174 = -4*x. What are the prime factors of x?
3, 29
Let r be 45*((-1)/(-1) + 0). Let z be 1/4 + r/12. Suppose -5*b = -2*n + z, -5*n + b + 15 = -18. List the prime factors of n.
7
Suppose 4*k - 2*k - 10 = 0. Suppose -2*w - 30 = -k*g, 3*g = 6*w - w + 37. Suppose -l = l - g. What are the prime factors of l?
2
Suppose 2*n = -3*s + 15, -2 - 23 = 4*n - 5*s. Suppose n = -3*a + 39 + 12. What are the prime factors of a?
17
Suppose 0 = -g - 0*g - 2, -n + 9 = -3*g. Suppose n*w + w = 8. Suppose -w*f - 3*f = -10. List the prime factors of f.
2
Let z = -3 + 10. Let r(b) = -b**2 + 8*b + 7. List the prime factors of r(z).
2, 7
Let f = -104 - -170. What are the prime factors of f?
2, 3, 11
Let y(t) = -2*t + 14. Let p = -23 + 13. What are the prime factors of y(p)?
2, 17
Let a = -1 - 1. Let f be a/8 + 52/16. Suppose 0 = 3*j - 2*p - 25, -2*j - p + 14 = -f*p. List the prime factors of j.
11
Let o = -187 + 367. Suppose -4*n + 168 = 2*k, 4*n + 3*k - 7*k = o. List the prime factors of n.
43
Let m(g) = g**3 + 4*g**2 - 6*g - 1. Let u be m(-5). Let h = -3 + u. Suppose -h = 2*z - 17. List the prime factors of z.
2
Let x be (1 - (-3)/(-12))*136. Let l = 154 - x. List the prime factors of (l/(-16))/(2/(-8)).
13
Suppose 5*g + 2*b - 6 = -4, 0 = -2*b + 2. Suppose 4*r + 12 = g, -4*l + 230 = -3*r + r. List the prime factors of l.
2, 7
Suppose 8*w - 3*w = 15. Suppose 0 = 5*o - x - 186, w*o + x - 108 = -2*x. List the prime factors of o.
37
Let f be 2 + 1*-4 + -22. Let b = 16 + f. Let p = -3 - b. What are the prime factors of p?
5
Suppose h + 12 = 30. List the prime factors of h.
2, 3
Suppose -2*k + k = -3*t - 4, k = -t + 4. Suppose 18 = 2*z - t*z. List the prime factors of z.
3
Let r(k) = -k + 13. Suppose b - 10 = -2*x, 3*x + 2*b - 5 = 4*x. Let a = 3 + x. What are the prime factors of r(a)?
7
Let s = -13 - -13. Suppose s = -3*k + 46 + 35. What are the prime factors of k?
3
Let a be 4/3*(-27)/18. List the prime factors of (-3 - a - 2)*-5.
3, 5
Let a be (5/(-15))/(1/(-6)). Suppose -h = a*h - 3*k - 18, 0 = h - 2*k - 1. Let w = h + 1. What are the prime factors of w?
2, 3
Let a(d) = -11*d + 42. List the prime factors of a(-6).
2, 3
Suppose 0 = 4*x - 23 - 49. Suppose 0*b = 2*b - x. What are the prime factors of b?
3
Let r be (-32)/(-3) + (-12)/18. What are the prime factors of 58/r + 4/20?
2, 3
Let x(t) be the first derivative of -t**3/3 + 7*t**2/2 - 3*t - 1. Let p be x(6). Suppose -2*c - p*c + 35 = 0. List the prime factors of c.
7
Suppose 4*f - 3*f - 73 = -b, -3*f + 5*b = -235. List the prime factors of f.
3, 5
Let v be 2/(1*(-4)/(-14)). Suppose -v*h + 15 = -3*h + w, -5*w = 5. Suppose h*i + 0*i - 68 = 0. What are the prime factors of i?
17
Let m(n) = 36*n**2. Let y be m(1). Suppose 4*w - 12 = y. List the prime factors of w.
2, 3
Let h(y) = 2*y + 5. Let n(j) = j**2 - j + 4. Let w be n(0). What are the prime factors of h(w)?
13
Suppose 5*g = g + 12. Let f(m) = 3*m**2 - 3*m + 3. What are the prime factors of f(g)?
3, 7
Suppose 3*z + z - 24 = -2*b, -4*b + 2*z + 18 = 0. What are the prime factors of ((-52)/b)/((-2)/3)?
13
Let o(j) be the third derivative of -j**4/24 + j**3/2 - 2*j**2. Let n be o(0). Suppose 5*d - 4*l = 42, 5*d - n*l - 36 = -l. What are the prime factors of d?
2, 3
Let z(i) = i**3 - 4*i**2 + 2*i - 5. Let u be z(4). Let j(c) = -u*c - 4*c**2 - 2 + 4*c + 6*c**2. What are the prime factors of j(-3)?
13
Let g = -17 - -11. Let h = 11 + g. List the prime factors of h.
5
Suppose -32 = -2*v - 2*v. Suppose 2*l = v - 24. Let p = l + 13. List the prime factors of p.
5
Let j be -15*(-4)/(-2 - -6). Suppose -j - 21 = -3*o. What are the prime factors of o?
2, 3
What are the prime factors of 310/3 - (-2 - (-28)/21)?
2, 13
Suppose -456 = -6*b + 3*b. List the prime factors of b.
2, 19
Let j(u) be the second derivative of 2*u**3/3 - 5*u**2/2 - u. List the prime factors of j(4).
11
Suppose 7*v + 135 = 2*v. Let o = 8 - 24. Let h = o - v. What are the prime factors of h?
11
Let r be (-4)/4*14*1. Let k be 5 + -6 + 0 + r. What are the prime factors of 4*(k/(-12) + 0)?
5
Let f(a) = 57*a**2 + a - 1. What are the prime factors of f(1)?
3, 19
Let r(z) = z**2 - 10*z + 8. Let a be r(8). Let k(j) = j**3 + 9*j**2 + 9*j + 5. Let h be k(a). What are the prime factors of h - 6*-2 - 3?
2, 3
Let q(i) = i**3 + 6*i**2 - 7*i + 2. Let d be q(-6). Let h = -26 + d. What are the prime factors of h?
2, 3
Let r = -137 + 200. List the prime factors of r.
3, 7
What are the prime factors of -170*((-28)/(-8))/(-7)?
5, 17
Suppose 9*o - 11*o = 6. Let c = o - -5. Suppose 5*l - 4*w = 62, -l + 45 = c*l - 5*w. What are the prime factors of l?
2, 5
Suppose 3*c - 2*j = 8, 0 = c + 3*j - j. Suppose c*z = -3*w + 20, 4*z - 40 = 2*w - 0*w. What are the prime factors of z?
2, 5
Let b = 135 + -81. What are the prime factors of b?
2, 3
Suppose -2*w - 2*w = -5*n + 52, n - 4*w - 20 = 0. Suppose 3*o - 73 = n. List the prime factors of o.
3
Let r = -225 + 422. List the prime factors of r.
197
Suppose 16 = 3*l + 4*m, l - 2*m = 3*l - 8. Suppose -4*x - 32 = 4*u - 100, -x = -5*u + 1. Let h = l + x. What are the prime factors of h?
2, 7
Suppose 2*p - 70 = -5*f, 0 = 5*f + 3*p - 2*p - 65. Suppose -y = -3*x - f, -6*y + y - 3*x + 24 = 0. List the prime factors of y.
2, 3
Suppose l - 4 + 0 = 0. Let k be (-2 - (-13 + 1))*1. Suppose -l*u + k = u. List the prime factors of u.
2
Suppose -5 = 3*m + 4. Let l(r) = -r**2 - 5*r - 2. What are the prime factors of l(m)?
2
Suppose 3*k + 4 = 1. Let i be k/(-2)*-1*-26. Suppose -d + 3*t + 8 + i = 0, -4*t - 12 = 0. What are the prime factors of d?
2, 3
Let n = -30 - -44. What are the prime factors of 6/n - 151/(-7)?
2, 11
Suppose 2*b = 3*t + b - 19, 0 = 4*t - 2*b - 28. Let v = -3 + t. What are the prime factors of -4*1*(-2)/v?
2
Let j(b) = -b**3 + 11*b**2 - 13*b + 18. List the prime factors of j(9).
3, 7
Let m(h) = -h**3 + 3*h**2 + 2 + 2*h**3 + 2*h + 3*h**2. Let i be m(-5). Let s = i - 8. What are the prime factors of s?
3
Suppose -s + 240 = 4*n + 3*s, -3*s = -5*n + 260. What are the prime factors of n?
5, 11
Suppose 10 = 4*b + 3*g, -2*g = -b + 2*b. Suppose -2*w + w = -b. List the prime factors of w.
2
Let x = -23 - -5. Let k = x - -24. What are the prime factors of k?
2, 3
Let t = 15 - 9. Let f(m) = m**3 - 8*m**2 - 5*m - 3. Let s be f(9). List the prime factors of s/t - 2/(-4).
2, 3
Let x(z) = -z**3 + z**2 - z - 1. What are the prime